housands digit of 35355645?
5
What is the thousands digit of 90222555?
2
What is the ten thousands digit of 174685098?
8
What is the thousands digit of 4206032315?
2
What is the ten millions digit of 81151915?
8
What is the units digit of 69452742?
2
What is the ten millions digit of 1290483024?
9
What is the hundred thousands digit of 65240720?
2
What is the hundreds digit of 249264655?
6
What is the tens digit of 338584088?
8
What is the ten millions digit of 2051755959?
5
What is the hundred thousands digit of 71750192?
7
What is the ten thousands digit of 86104466?
0
What is the hundred thousands digit of 23146910?
1
What is the ten millions digit of 26428998?
2
What is the ten millions digit of 122516337?
2
What is the hundreds digit of 254313184?
1
What is the thousands digit of 96548627?
8
What is the ten millions digit of 243649145?
4
What is the hundred millions digit of 4025990173?
0
What is the millions digit of 649322607?
9
What is the hundreds digit of 66731462?
4
What is the ten thousands digit of 888707120?
0
What is the hundred millions digit of 549192396?
5
What is the hundred thousands digit of 33846100?
8
What is the units digit of 172872701?
1
What is the units digit of 41119017?
7
What is the ten millions digit of 167588068?
6
What is the hundred thousands digit of 31605346?
6
What is the units digit of 168237873?
3
What is the hundred thousands digit of 4391313157?
3
What is the hundred millions digit of 114221569?
1
What is the ten millions digit of 4705520564?
0
What is the units digit of 336695370?
0
What is the thousands digit of 5319700?
9
What is the hundred millions digit of 1441846319?
4
What is the hundred thousands digit of 2011332250?
3
What is the tens digit of 147662469?
6
What is the millions digit of 395889502?
5
What is the units digit of 479960913?
3
What is the ten millions digit of 3791804442?
9
What is the thousands digit of 9690922008?
2
What is the tens digit of 68668277?
7
What is the millions digit of 15201233?
5
What is the hundreds digit of 120360878?
8
What is the millions digit of 256568197?
6
What is the billions digit of 2060959503?
2
What is the thousands digit of 94897553?
7
What is the ten millions digit of 378618297?
7
What is the ten millions digit of 23477584?
2
What is the hundreds digit of 8542073?
0
What is the hundred thousands digit of 1798797862?
7
What is the tens digit of 79643765?
6
What is the units digit of 41574300?
0
What is the units digit of 2973722441?
1
What is the hundred thousands digit of 215840883?
8
What is the units digit of 3375457852?
2
What is the hundreds digit of 9684173?
1
What is the units digit of 104796443?
3
What is the units digit of 3554502?
2
What is the ten millions digit of 213048045?
1
What is the millions digit of 1467500010?
7
What is the hundred thousands digit of 4231174974?
1
What is the thousands digit of 55414722?
4
What is the units digit of 38802827?
7
What is the hundred thousands digit of 1490915928?
9
What is the hundred thousands digit of 57950090?
9
What is the hundred thousands digit of 3283701356?
7
What is the ten millions digit of 327177575?
2
What is the hundreds digit of 71924038?
0
What is the millions digit of 17495302?
7
What is the hundred thousands digit of 30491228?
4
What is the hundred thousands digit of 296138454?
1
What is the ten millions digit of 99062049?
9
What is the ten millions digit of 1783131177?
8
What is the tens digit of 6636474?
7
What is the hundred thousands digit of 252951579?
9
What is the tens digit of 85476417?
1
What is the thousands digit of 126057043?
7
What is the ten millions digit of 4377158774?
7
What is the thousands digit of 1005684706?
4
What is the tens digit of 158800875?
7
What is the units digit of 73114476?
6
What is the thousands digit of 6333246511?
6
What is the ten millions digit of 707956460?
0
What is the hundreds digit of 96723167?
1
What is the units digit of 141220688?
8
What is the ten thousands digit of 40515496?
1
What is the tens digit of 247814974?
7
What is the tens digit of 101951861?
6
What is the hundreds digit of 5428142954?
9
What is the ten millions digit of 30985055?
3
What is the thousands digit of 50585324?
5
What is the millions digit of 70936575?
0
What is the thousands digit of 1447867039?
7
What is the hundred millions digit of 3012439353?
0
What is the thousands digit of 2078280684?
0
What is the ten millions digit of 75726599?
7
What is the thousands digit of 31283249?
3
What is the tens digit of 1051651849?
4
What is the hundreds digit of 1971297157?
1
What is the hundred thousands digit of 57324386?
3
What is the ten thousands digit of 31025199?
2
What is the hundreds digit of 4413302?
3
What is the tens digit of 686400874?
7
What is the thousands digit of 1161942776?
2
What is the ten thousands digit of 5754748370?
4
What is the hundred thousands digit of 106373401?
3
What is the thousands digit of 889919631?
9
What is the hundred thousands digit of 159110978?
1
What is the ten thousands digit of 1916408094?
0
What is the thousands digit of 2991393?
1
What is the millions digit of 80474712?
0
What is the hundred millions digit of 197329709?
1
What is the hundred millions digit of 860596109?
8
What is the hundreds digit of 162170905?
9
What is the hundred millions digit of 176416042?
1
What is the hundreds digit of 2121612027?
0
What is the hundred millions digit of 2177595631?
1
What is the hundreds digit of 7866638469?
4
What is the hundred thousands digit of 5366105749?
1
What is the hundred thousands digit of 172863130?
8
What is the thousands digit of 21210928?
0
What is the ten millions digit of 153708627?
5
What is the tens digit of 1214995216?
1
What is the hundred thousands digit of 2103351442?
3
What is the hundred millions digit of 2663780028?
6
What is the tens digit of 25409782?
8
What is the units digit of 23962451?
1
What is the units digit of 484628994?
4
What is the hundred thousands digit of 818470271?
4
What is the ten millions digit of 913828805?
1
What is the tens digit of 497162958?
5
What is the units digit of 198618314?
4
What is the tens digit of 2265490086?
8
What is the hundred millions digit of 223988979?
2
What is the hundreds digit of 8086811?
8
What is the millions digit of 1341718882?
1
What is the thousands digit of 237315978?
5
What is the tens digit of 120107595?
9
What is the thousands digit of 295977430?
7
What is the hundreds digit of 1277651659?
6
What is the ten thousands digit of 110079940?
7
What is the ten millions digit of 6874516671?
7
What is the hundred thousands digit of 19241195?
2
What is the ten thousands digit of 236609220?
0
What is the hundred millions digit of 1712398775?
7
What is the units digit of 64740699?
9
What is the hundreds digit of 40778305?
3
What is the thousands digit of 75651579?
1
What is the tens digit of 24070463?
6
What is the millions digit of 3897267574?
7
What is the hundreds digit of 132624295?
2
What is the tens digit of 24374649?
4
What is the units digit of 328777280?
0
What is the thousands digit of 123788713?
8
What is the millions digit of 6466978?
6
What is the ten thousands digit of 2585600242?
0
What is the hundreds digit of 2786172250?
2
What is the ten thousands digit of 5601453869?
5
What is the millions digit of 1839000119?
9
What is the units digit of 2843565851?
1
What is the thousands digit of 150359076?
9
What is the units digit of 90300558?
8
What is the hundred thousands digit of 71318310?
3
What is the thousands digit of 75452816?
2
What is the hundreds digit of 27798500?
5
What is the hundred millions digit of 1930880559?
9
What is the ten thousands digit of 77564179?
6
What is the ten millions digit of 43587353?
4
What is the tens digit of 1069171489?
8
What is the millions digit of 59881656?
9
What is the hundred thousands digit of 97520928?
5
What is the hundred thousands digit of 5328160?
3
What is the tens digit of 812303076?
7
What is the billions digit of 3236326250?
3
What is the hundred thousands digit of 4491465900?
4
What is the hundreds digit of 79808566?
5
What is the tens digit of 596465842?
4
What is the hundreds digit of 5401748141?
1
What is the hundred thousands digit of 4058892?
0
What is the units digit of 570718466?
6
What is the mi